= 5*y - 4*r, y - 3*r + 8 = -g. Let q(i) = -i**2 - 8*i - 3. Give q(y).
-3
Let m = -33 - -22. Let g(o) = -2*o - 20. Let v be g(m). Let w(r) = -4*r + 5*r + 7 + 3*r - v*r. Calculate w(-6).
-5
Let g be (-88)/8*(-6 - 35/(-7)). Let j(k) = -3*k + 26. Calculate j(g).
-7
Suppose 45 = 5*v + 50. Let r(q) = 19*q - 1. Determine r(v).
-20
Let a be (3/4)/((-1)/(-4)). Suppose 2*i + 2*c + c = -17, 14 = i - a*c. Let q(j) = j**2. What is q(i)?
1
Let b(r) = -r**2 + 2*r - 1. Let a be (6*(-2)/4)/(-1). Suppose a*z = -15, 9 = 4*v - 4*z + 3*z. What is b(v)?
0
Let k(n) = n**3 - 14*n**2 + 14*n - 9. Let c be 13 + -11 + 6 + 5. Determine k(c).
4
Let t = -127 + 69. Let v = 56 + t. Let x(d) = -3*d - 3. What is x(v)?
3
Let o(b) = b + 14. Let s be 54/(-4) + 3/(-6). Let h be o(s). Let p(w) = -7*w - 5. Let r(v) = -13*v - 10. Let i(u) = -11*p(u) + 6*r(u). What is i(h)?
-5
Let c(j) = -j**2 - 8*j. Let z(x) = 4*x**3 + 12*x**2 + x - 3. Let b be z(-3). Determine c(b).
12
Let f(l) = -10*l**2 + 4*l - 2. Let c = 1613 - 1611. Calculate f(c).
-34
Let o(w) = 4*w**3 + 11*w**2 + 42*w - 7. Let f(m) = m**3 + 4*m**2 + 11*m - 2. Let h(c) = -7*f(c) + 2*o(c). Give h(5).
10
Let z = 282 - 269. Let x(r) = -r**3 + 12*r**2 + 13*r - 9. Calculate x(z).
-9
Let k(o) = -o**2 - o - 1. Let w(s) = -s**3 + s**2 + 11*s + 1. Let b(h) = 6*k(h) + w(h). Let j = -365 + 359. Determine b(j).
1
Let g(f) = f**3 - 6*f**2 - 8*f - 8. Let i = -1161 - -1168. Determine g(i).
-15
Let a(z) be the third derivative of z**5/30 - z**4/6 - z**3/3 + z**2. Let c be a(-1). Let u(p) = -4*p + 2. Calculate u(c).
-14
Suppose -33 + 12 = -3*o. Suppose o - 5 = 2*r. Let q(l) = -11*l**3 + 2*l**2 - 2*l + 1. Determine q(r).
-10
Let m(p) = 6*p - 1 + 3*p**2 - 1 + 0 - 2*p**2. Let v(i) = -i. Let z(d) = -m(d) - 6*v(d). Calculate z(-2).
-2
Let h = 21 - 18. Suppose -6 = 4*q + 10. Let n = h + q. Let o(a) = 2*a**3 - 2*a**2 - a. Calculate o(n).
-3
Let f = -6 - -8. Let u(w) = -f + 65*w - 143*w + 75*w. Give u(-3).
7
Suppose 0 = -5*m - 0*t + t + 88, -2*m = -3*t - 30. Suppose 3*k + m = 6*k. Let n(c) = c. Let g(w) = -3*w + 5. Let s(y) = -g(y) - 2*n(y). Give s(k).
1
Let z(t) be the first derivative of t**3/3 - 2*t**2 - t - 6. Let r be z(5). Suppose -r*q + 8 = -6*q. Let h(i) = -i**2 - 4*i - 2. What is h(q)?
-2
Let b(f) = -7*f**2 - 2*f. Let k be (-3)/(-1) - (2 - -3)/1. Determine b(k).
-24
Let l(c) be the third derivative of -c**6/120 + 2*c**5/15 - c**4/3 + c**3/6 - 2*c**2 + 28*c. Calculate l(7).
-6
Let i(d) be the second derivative of d**5/20 - d**4/4 + d**3/3 - 3*d**2 - 2*d + 38. Determine i(3).
0
Let o(q) = 3*q - 2. Suppose 3 = 2*u - l - 3, -5*u + 17 = -3*l. What is o(u)?
1
Let p be (-4)/(-3)*(-24)/(-16). Let z(b) = -207*b**p - 1 + 207*b**2 + 8*b**3 + 0. Determine z(-1).
-9
Let t(v) = -v**2 - 1. Let p be (-54)/72 + 1/(-4). Let o be (p + 2)/(3 + -4). Determine t(o).
-2
Let j(i) = -9*i + 15. Let v(c) = -5*c + 19. Let g(l) = -3*l + 9. Let q(p) = -5*g(p) + 2*v(p). Let f(n) = 4*j(n) + 9*q(n). Give f(2).
15
Let n(a) be the third derivative of 0 + 2*a**2 + 0*a + 1/3*a**3 - 1/24*a**4. Let y(r) = r**2 - 2*r. Let u be y(3). What is n(u)?
-1
Let f(q) be the first derivative of 7*q - 5/2*q**2 - 6 - 1/3*q**3. Give f(-5).
7
Let o(u) = -17*u**2 - 14*u**2 + 28*u**2 - 4*u + 2 + u**3. Determine o(4).
2
Suppose 9*z + 13 = 49. Let h(r) be the first derivative of r**3/3 - 2*r + 5. What is h(z)?
14
Let t(h) be the third derivative of -1/12*h**5 + 1/8*h**4 - 1/3*h**3 + 1/120*h**6 + 13*h**2 + 0*h + 0. Determine t(5).
13
Let c be (5/10 - -4)*-6. Let u be (9/c)/(1/15). Let y(f) = -2*f**3 + f**2 - f + 6. Let m(w) = w**3 + w**2 - w. Let k(t) = 3*m(t) + y(t). Determine k(u).
1
Suppose -2*x - 4*m + 4 = -3*m, 4 = 2*x - 4*m. Let z(g) = 7*g + 5 - 19 + 8 - g**3 + 6*g**x. Determine z(7).
-6
Let v(m) = 1297*m + 1299*m + 1301*m - 3896*m - 4. Determine v(0).
-4
Let b(i) = i - 5. Let f be b(10). Suppose 1 = -f*o + 4*o. Let z(x) = 3*x - 1. Determine z(o).
-4
Let p(z) be the second derivative of -z**6/720 - z**5/120 + 5*z**4/3 - 9*z. Let r(f) be the third derivative of p(f). Determine r(-3).
2
Let k = -2041 - -2052. Let f(u) = -4*u. What is f(k)?
-44
Let m(t) = t**2 + 6*t - 7. Let z = -37 - -171. Suppose 14 = -8*s + z. Suppose -2*y + 9*w - 35 = 4*w, 2*w + s = -5*y. Calculate m(y).
-12
Let i(q) = q + 7. Let f(h) = 8 - 36 + 22 - h. Let x(j) = -j**2 - 4*j. Let b be x(-3). Let l(y) = b*i(y) + 2*f(y). What is l(-4)?
5
Let f(v) = -2 + 4 + v - 3*v. Suppose -4*d = -2*q - 0*q - 40, 3*q = 0. Suppose 20 = 4*j + 2*x, 0*j + d = 2*j + 4*x. Determine f(j).
-8
Let g(j) = -j**3 - 14*j**2 - 13*j + 8. Let p(c) = -c**3 - 15*c**2 - 14*c + 8. Let d be 3/2*15/((-225)/(-70)). Let o(i) = d*g(i) - 6*p(i). Calculate o(-7).
8
Let p(g) = -5*g + 1 - 3*g**2 + 4 + 100*g**3 - 49*g**3 - 50*g**3. Calculate p(4).
1
Let i = -2100 - -2108. Let v(r) = -r**2 + 10*r + 3. What is v(i)?
19
Let n(t) = -15*t**2 - 14*t + 4. Let k be (-4)/(16/(-45)) + (-34)/136. Let u(p) = 8*p**2 + 7*p - 2. Let m(a) = k*u(a) + 6*n(a). What is m(-5)?
-13
Suppose 4*y + y - 50 = 0. Suppose 13*m - y*m - 3 = 0. Let b(c) = 6*c + 1. Give b(m).
7
Let y(h) = -4*h + 60. Let x be y(16). Let i(m) be the third derivative of -m**5/60 - m**4/6 - 2*m**3/3 - 11*m**2. What is i(x)?
-4
Let t(c) = -3*c**3 + 55*c**2 + 4*c + 34. Let l(k) = k**3 - 19*k**2 - k - 12. Let j(v) = 17*l(v) + 6*t(v). What is j(8)?
-8
Let q(p) be the second derivative of -p**3/6 + 7*p**2/2 + 3*p. Let f be -7 - (-6 + (-4 - -3)). Give q(f).
7
Let y(i) = 2*i**2 + 17*i - 8. Let w(m) = -m**2 - 8*m + 4. Let p(l) = 9*w(l) + 4*y(l). Suppose -2*o = 12 - 2. Let k be -2 - (-1 + o/(-1)). Determine p(k).
-8
Suppose 4*x + 5*j - 98 = 0, x + 32 = 2*x + 5*j. Let i be 40/(-22) + (-4)/x. Let b(s) = -s**3 - 2*s**2 - 2*s - 2. Determine b(i).
2
Let i(b) = 3*b + b**2 + 0*b**2 - 2*b. Let f(g) = 2*g**2 + g. Let z(c) = -2*f(c) + 5*i(c). What is z(-3)?
0
Let y(q) = 4*q - 1. Suppose 3*g - 3 = 3*v, -v - g - 5 = -4*g. Calculate y(v).
3
Let j(f) = -f**3 - 4*f**2 + 3*f - 6. Suppose p - 51 = -56. What is j(p)?
4
Let z(y) = y**3 - 4*y**2 + 2*y + 8. Let g be z(4). Let b(i) = -3*i**2 - 272*i + 261*i + 2*i**2 + g. Give b(-12).
4
Let j(v) be the second derivative of v**5/20 - v**4/3 + v**3/2 + 2*v**2 - 2*v - 24. What is j(4)?
16
Let t(q) = -q**3 - 4*q**2 + 7*q + 9. Let u be t(-5). Let r(s) = -18*s. Calculate r(u).
18
Let f be ((-4)/(-6))/((-4)/(-18)). Let u(b) = 103*b - 47*b + 2 - 57*b + 4 - 4. Determine u(f).
-1
Suppose 3*x - 2*x = 44. Let r = x - 46. Let n(t) = 3*t**2 + 2*t + 1. Give n(r).
9
Let o(m) be the third derivative of -m**5/60 - m**4/12 - m**3/2 + 248*m**2 + 1. Let b(y) = y. Let g be b(4). Calculate o(g).
-27
Let x(c) be the second derivative of -c**5/20 + 5*c**4/12 - c**3/3 + c**2 - 410*c. Calculate x(5).
-8
Let w = -6 - -4. Let j(l) be the first derivative of -l**2/2 + 2*l - 1. Calculate j(w).
4
Let g be ((-7)/14)/(3/24*-2). Suppose 3*v - 10 = -0*f + f, g*v - 3*f - 16 = 0. Let j(k) = -6*k. What is j(v)?
-12
Let x(m) = 10*m + 58. Let d(h) = -15*h - 87. Let v(g) = 5*d(g) + 8*x(g). What is v(-7)?
-6
Suppose q + 4*o + 8 = 0, -2*o = 3*q - 0*o - 16. Suppose -q = 2*c - 10*c. Let w(f) = 7*f - 4*f - 5*f + c. Calculate w(-3).
7
Let k be ((-2)/4)/((-7)/126). Suppose 0 = d + k - 6. Let o(l) = 3*l + 4. Determine o(d).
-5
Let z = 53 - 50. Let i(w) = 2 + 28*w**2 - 6*w - z - 20*w**2 - w**3. What is i(7)?
6
Let k be 98/637 + (-134)/26. Let q(w) = w**3 + 4*w**2 - w - 3. What is q(k)?
-23
Let a(b) = b**2 - 6*b - 11. Let s(u) = -u**3 + 6*u**2 + 57*u - 15. Let k be s(11). Determine a(k).
-4
Let u = 631 - 627. Let a(z) = z**2 - 6*z - 4. Determine a(u).
-12
Let y(o) = -o**3 - 5*o**2 + 4*o - 6. Let a(k) = k + 2. Let q be a(-3). Let f be ((-9 - 0) + q)/2. Let r be (-2)/(f/3 + 2). Determine y(r).
6
Let c(t) = -t**2 - 4*t - 6. Let y = 139 + -265. Let r = y - -121. What is c(r)?
-11
Let d(v) be the second derivative of v**5/20 - v**4/3 - 7*v**3/3 + 3*v**2/2 - 5*v + 7. Give d(6).
-9
Let a(s) = -s**3 - 4*s + 2*s**2 + 47 - 8*s**2 - 50 + 0*s**2. Calculate a(-2).
-11
Let p(u) be the first derivative of u**5/40 - u**4/6 + 5*u**3/3 + 10. Let m(f) be the third derivative of p(f). What is m(-3)?
-13
Let b(g) = -3*g**2. Suppose 9*p + 52 = 5*p. Let a(n) = 2*n + 25. Let m be a(p). Give b(m).
-3
Let o(g) = -4 + 2 - g + 0 - 8 + g**2. Suppose 0 = -0*q - 3*q + 12. Suppose q*h =